mon divisor of 95 and 308693?
19
Calculate the highest common divisor of 980 and 55.
5
Calculate the greatest common divisor of 24 and 29652.
12
What is the highest common factor of 536 and 330?
2
Calculate the highest common factor of 1628 and 37037.
407
What is the greatest common factor of 24876 and 216?
36
Calculate the greatest common divisor of 442150 and 185.
185
Calculate the highest common factor of 16 and 111976.
8
What is the highest common divisor of 4669284 and 516?
516
Calculate the highest common factor of 1181935 and 5.
5
What is the greatest common divisor of 295 and 346920?
295
Calculate the highest common factor of 801376 and 1.
1
Calculate the greatest common factor of 1173 and 2159.
17
Calculate the greatest common divisor of 67491 and 207.
9
Calculate the greatest common divisor of 60 and 563070.
30
What is the greatest common divisor of 2600 and 1901250?
650
What is the highest common factor of 5560 and 136915?
695
What is the greatest common divisor of 199 and 7136140?
199
What is the highest common factor of 30 and 125700?
30
What is the greatest common factor of 291822 and 238?
34
Calculate the greatest common divisor of 38 and 67906.
38
What is the greatest common divisor of 80 and 176560?
80
Calculate the highest common factor of 12 and 67668.
12
What is the highest common divisor of 9318372 and 28?
28
Calculate the highest common divisor of 221 and 27982.
17
Calculate the highest common divisor of 1574397 and 8246.
589
Calculate the greatest common divisor of 164 and 28823.
41
Calculate the highest common divisor of 11556440 and 10.
10
What is the highest common divisor of 37842 and 19716?
318
What is the greatest common divisor of 1355 and 21951?
271
What is the highest common factor of 56462 and 42?
14
Calculate the highest common divisor of 1651 and 55753.
127
What is the greatest common factor of 111 and 128168?
37
What is the highest common factor of 129105 and 90?
45
What is the highest common factor of 200460 and 1300?
260
What is the highest common divisor of 15444 and 728?
52
What is the highest common factor of 1311 and 13547?
437
What is the highest common divisor of 11450 and 150?
50
Calculate the greatest common factor of 1582 and 4068.
226
Calculate the highest common divisor of 132737 and 726.
121
What is the highest common factor of 22092 and 10783?
263
What is the greatest common divisor of 3460 and 1852484?
692
Calculate the highest common divisor of 16982 and 4.
2
What is the greatest common factor of 48 and 40128?
48
Calculate the greatest common factor of 107143 and 6631.
349
What is the highest common divisor of 31 and 110949?
31
What is the greatest common divisor of 218320 and 80?
80
Calculate the greatest common divisor of 14352 and 8234.
46
Calculate the highest common divisor of 2807 and 184861.
401
What is the greatest common factor of 100570 and 14240?
890
Calculate the highest common divisor of 326 and 1060478.
326
What is the highest common factor of 30810 and 8058?
474
What is the greatest common divisor of 243545 and 335?
335
What is the greatest common divisor of 1316 and 1598?
94
Calculate the greatest common factor of 132787 and 17.
17
Calculate the greatest common divisor of 6880 and 140.
20
What is the highest common factor of 117 and 9321?
39
What is the greatest common divisor of 91 and 126256?
13
What is the greatest common factor of 62 and 7863212?
62
What is the greatest common divisor of 855465 and 1230?
615
Calculate the greatest common factor of 47410 and 330.
110
Calculate the highest common factor of 2082372 and 24.
12
Calculate the highest common factor of 4860 and 234180.
180
What is the highest common divisor of 186 and 2511?
93
What is the highest common divisor of 2064 and 804?
12
Calculate the greatest common divisor of 2588 and 1244.
4
What is the greatest common divisor of 4318964 and 676?
676
What is the greatest common factor of 59 and 463622?
59
Calculate the greatest common factor of 1782231 and 1166.
583
What is the highest common factor of 70 and 199990?
70
What is the highest common factor of 1957380 and 544?
68
Calculate the highest common divisor of 54871 and 37.
37
Calculate the greatest common factor of 5712 and 27888.
336
Calculate the greatest common factor of 40 and 76870.
10
What is the highest common divisor of 83750 and 670?
670
What is the highest common factor of 608 and 4978?
38
Calculate the greatest common divisor of 1872 and 21008.
208
What is the greatest common divisor of 190 and 150062?
38
What is the greatest common factor of 26280 and 716860?
1460
What is the greatest common divisor of 2825 and 2712?
113
What is the highest common factor of 1545 and 66641?
103
What is the greatest common factor of 56563 and 1832?
229
Calculate the highest common divisor of 3136 and 3584.
448
What is the highest common factor of 182799 and 18?
9
Calculate the greatest common factor of 3221679 and 23.
23
What is the highest common factor of 9 and 7561629?
9
What is the highest common divisor of 379776 and 2322?
258
What is the greatest common divisor of 66 and 60258?
66
Calculate the greatest common factor of 4568 and 196.
4
Calculate the greatest common factor of 28 and 2345336.
28
Calculate the greatest common factor of 270 and 2997918.
54
What is the greatest common factor of 367114 and 74?
74
Calculate the greatest common divisor of 103788 and 36.
36
What is the greatest common divisor of 13 and 67171?
13
Calculate the greatest common divisor of 133 and 82432.
7
What is the highest common factor of 637 and 1157?
13
What is the highest common factor of 5928 and 2028?
156
Calculate the highest common divisor of 20 and 86575.
5
Calculate the greatest common divisor of 91863 and 59.
59
Calculate the highest common divisor of 2394 and 16587.
171
Calculate the greatest common factor of 4304 and 59632.
16
What is the greatest common divisor of 856 and 432?
8
Calculate the greatest common factor of 1401668 and 38.
38
Calculate the greatest common divisor of 1425 and 2625.
75
What is the greatest common divisor of 1964 and 162521?
491
What is the greatest common divisor of 1104875 and 375?
125
What is the greatest common divisor of 3040520 and 20?
20
What is the greatest common factor of 132210 and 18330?
390
Calculate the highest common factor of 12720 and 282.
6
Calculate the highest common factor of 500 and 58250.
250
Calculate the greatest common factor of 36 and 166.
2
Calculate the highest common factor of 494500 and 6.
2
Calculate the highest common factor of 714 and 43218.
42
What is the highest common divisor of 19 and 518453?
19
Calculate the highest common divisor of 371 and 330568.
7
Calculate the highest common factor of 1120 and 9632.
224
Calculate the highest common divisor of 90 and 22095.
45
Calculate the greatest common divisor of 3655 and 98470.
215
What is the greatest common divisor of 6582 and 30?
6
Calculate the greatest common factor of 91 and 844454.
13
Calculate the greatest common factor of 57276 and 1935.
387
Calculate the greatest common factor of 33813 and 1105.
221
Calculate the highest common divisor of 17 and 73049.
17
Calculate the greatest common factor of 90 and 2960460.
90
What is the greatest common factor of 1375 and 3300?
275
What is the highest common factor of 781900 and 1050?
350
What is the greatest common factor of 88 and 16676?
44
Calculate the highest common divisor of 245 and 65765.
35
What is the greatest common divisor of 14322 and 154?
154
Calculate the highest common divisor of 358715 and 105.
35
What is the highest common divisor of 9518 and 12?
2
What is the greatest common factor of 216 and 544842?
18
Calculate the greatest common factor of 57 and 3451027.
19
Calculate the highest common divisor of 32568 and 472.
472
Calculate the highest common factor of 368 and 479596.
92
What is the highest common divisor of 91050 and 1200?
150
What is the greatest common divisor of 33 and 51711?
33
What is the highest common factor of 139786 and 74?
74
Calculate the greatest common divisor of 165 and 66765.
15
What is the highest common divisor of 12 and 4933488?
12
What is the greatest common divisor of 384 and 3804?
12
Calculate the highest common divisor of 26 and 3611140.
26
Calculate the greatest common f